6. What is g(-59)?
-32
Let g(r) = 14*r**3 + 43*r**2 + 6*r + 19. Give g(-3).
10
Let l(v) = 242*v - 14272. What is l(59)?
6
Let m(s) = 130*s**3 + 8971*s**2 + 72*s + 207. Determine m(-69).
0
Let g(h) = -2*h**2 - 216*h - 1899. Give g(-97).
235
Let x(g) = -6*g**3 - 25*g**2 + 21*g + 34. Determine x(-5).
54
Let y(p) = p**2 - 16*p - 2. Calculate y(10).
-62
Let c(h) = 4*h**2 - 24*h - 2. Determine c(8).
62
Let f(w) = -266*w + 1048. Calculate f(4).
-16
Let a(b) = -b**2 - 23*b - 42. What is a(-12)?
90
Let k(y) = -y**2 + 17*y + 45. Determine k(-4).
-39
Let d(x) = 2*x**3 + 14*x**2 - 22*x - 59. Calculate d(-8).
-11
Let d(j) = -j**3 - 5*j**2 + 19*j + 7. What is d(3)?
-8
Let q(b) = b**2 + 41*b - 388. Calculate q(-49).
4
Let x(i) = -i**3 - 42*i**2 + 45*i - 288. What is x(-43)?
-374
Let i(l) = l**2 - 12*l + 43. Give i(10).
23
Let u(t) = t**3 - 74*t**2 - 62*t - 981. Determine u(75).
-6
Let b(a) = 542*a + 9733. Calculate b(-18).
-23
Let m(b) = -5*b**2 - 51*b - 65. Give m(-9).
-11
Let d(s) = 261*s + 20085. Calculate d(-77).
-12
Let a(x) = -18*x + 613. Give a(34).
1
Let l(s) = -57*s - 12. Determine l(-1).
45
Let b(r) = -75*r + 143. Determine b(2).
-7
Let g(z) = -z**3 + 48*z**2 - 323*z + 80. What is g(40)?
-40
Let d(o) = o**2 + 15*o + 17. What is d(-11)?
-27
Let j(a) = 178*a**2 - 523*a - 38. Calculate j(3).
-5
Let i(w) = -3*w**2 + 35*w + 71. Determine i(13).
19
Let x(m) = 3*m**2 - 268*m + 1068. Give x(4).
44
Let w(q) = -58*q + 469. What is w(7)?
63
Let b(k) = 6*k**3 - 471*k**2 + 233*k + 66. Calculate b(78).
-12
Let f(q) = 23*q + 1295. What is f(-57)?
-16
Let o(p) = 4*p**3 + 378*p**2 + 561*p + 282. Give o(-93).
3
Let x(h) = -13*h - 164. Give x(-4).
-112
Let l(a) = 7*a**3 - 113*a**2 + 25*a - 147. Give l(16).
-3
Let v(k) = -27*k + 749. Calculate v(28).
-7
Let i(c) = -6*c**3 + 3*c**2 - 5*c + 8. Calculate i(3).
-142
Let z(n) = n**2 + 19*n - 293. Calculate z(-14).
-363
Let o(k) = -668*k + 2678. Give o(4).
6
Let a(v) = 38*v - 115. Calculate a(3).
-1
Let t(y) = -37*y - 246. What is t(-7)?
13
Let a(y) = -y**3 + 14*y**2 - 29*y - 24. Give a(10).
86
Let u(h) = -h**2 - 8*h + 463. Give u(17).
38
Let z(l) = -7*l**2 - 12*l - 49. Give z(-5).
-164
Let c(o) = 7*o + 34. What is c(-13)?
-57
Let n(c) = -3*c**3 + 35*c**2 + 14*c - 110. Calculate n(12).
-86
Let v(k) = -18*k**2 + 35*k + 118. Give v(-3).
-149
Let h(i) = i**3 - 9*i**2 - 3*i - 13. Calculate h(9).
-40
Let j(o) = -454*o - 11794. What is j(-26)?
10
Let u(d) = -625*d - 633. Give u(-1).
-8
Let q(m) = -9850*m + 59094. Calculate q(6).
-6
Let i(m) = -108*m - 7040. Determine i(-65).
-20
Let f(u) = 1823*u + 133086. Determine f(-73).
7
Let y(d) = -d**2 + 41*d - 68. Calculate y(19).
350
Let z(x) = 2*x**2 - 21*x - 872. Determine z(-16).
-24
Let q(z) = -1830*z - 10976. What is q(-6)?
4
Let s(p) = -10*p + 262. Determine s(13).
132
Let a(r) = -r**3 + 66*r**2 - 1075*r - 192. Calculate a(31).
118
Let z(l) = -7*l**3 + 28*l**2 + 4*l + 4. What is z(5)?
-151
Let g(m) = -590*m - 1812. Give g(-3).
-42
Let v(b) = -82*b - 347. What is v(-3)?
-101
Let c(f) = f**2 - 2*f - 14. Give c(-6).
34
Let p(y) = -1599*y - 23975. Determine p(-15).
10
Let s(c) = -12*c**3 - 7*c**2 + 4*c - 7. Give s(-3).
242
Let r(i) = -2*i**2 + 49*i + 560. What is r(33)?
-1
Let x(k) = -k**2 - 59*k - 214. Give x(-5).
56
Let v(t) = 2*t**2 + 37*t - 207. Determine v(5).
28
Let g(s) = s**3 + 55*s**2 - 112*s + 151. Give g(-57).
37
Let c(b) = 679*b + 19006. What is c(-28)?
-6
Let i(q) = -5*q**3 + 26*q**2 - 10*q - 18. What is i(6)?
-222
Let h(q) = q**2 + 53*q + 308. Determine h(-7).
-14
Let m(y) = -y**3 - 17*y**2 + 31*y + 377. Calculate m(-17).
-150
Let u(j) = 89*j - 335. Determine u(3).
-68
Let f(g) = -15*g**2 - 10*g - 3. Give f(-2).
-43
Let w(d) = -d**3 - 81*d**2 + 103*d + 1727. What is w(-82)?
5
Let d(o) = o**2 + 60*o + 823. Give d(-21).
4
Let x(w) = w**2 - 52*w - 19. Give x(53).
34
Let w(l) = -3*l**3 - 48*l**2 - l + 33. Calculate w(-16).
49
Let f(p) = 5*p**3 + 29*p**2 + 37*p + 84. Give f(-5).
-1
Let s(h) = -h**3 - 65*h**2 - 160*h + 1599. What is s(-62)?
-13
Let u(h) = -2*h**3 - 144*h**2 + 4*h + 276. Determine u(-72).
-12
Let y(a) = 68*a + 602. What is y(-9)?
-10
Let w(a) = -2*a**3 - 37*a**2 - 78*a + 31. What is w(-16)?
-1
Let p(w) = w**3 - 5*w**2 - w - 71. Give p(6).
-41
Let b(d) = -2*d**3 - 3*d**2 + 10*d + 18. Give b(-2).
2
Let q(y) = y**3 - 18*y**2 + 9*y + 102. Calculate q(17).
-34
Let r(b) = 226*b + 5. Give r(-1).
-221
Let r(s) = 5*s**2 - 113*s - 863. Determine r(-6).
-5
Let l(g) = 5*g**2. Calculate l(1).
5
Let q(r) = 520*r + 2679. What is q(-5)?
79
Let s(o) = -o**3 - 72*o**2 - 1127*o - 7. Calculate s(-23).
-7
Let c(a) = -5*a**2 - 645*a + 1972. Give c(-132).
-8
Let m(g) = -29*g - 88. Calculate m(-12).
260
Let u(c) = -7*c - 15. What is u(-6)?
27
Let a(t) = t**2 + 21*t - 958. Calculate a(22).
-12
Let x(n) = n**3 - 14*n**2 + 6*n + 89. Give x(13).
-2
Let o(d) = -53*d**3 - 2*d**2 + 2*d - 1. What is o(1)?
-54
Let s(q) = -14*q + 618. Determine s(25).
268
Let f(i) = 2*i**3 + 190*i**2 + 180*i - 362. Determine f(-94).
390
Let r(o) = 2*o**2 - 2*o + 41. Determine r(-6).
125
Let f(r) = -r**3 - 23*r**2 + 147*r + 172. What is f(6)?
10
Let z(m) = -37*m**2 + 345*m + 1184. Calculate z(12).
-4
Let b(p) = -95*p + 129. Determine b(6).
-441
Let n(k) = -k**3 - 76*k**2 + 855*k - 437. What is n(-86)?
-7
Let s(x) = x**3 - 5*x**2 - 29*x - 87. Give s(-7).
-472
Let s(m) = -2*m**2 - 27*m - 43. Give s(-12).
-7
Let f(d) = -9*d**2 + 18*d + 2. Give f(1).
11
Let v(o) = o**3 + 8*o**2 + 7*o - 31. Determine v(-6).
-1
Let w(x) = 171*x + 24. Calculate w(-1).
-147
Let q(p) = -p**3 + 5*p**2 + 54*p - 288. What is q(6)?
0
Let n(w) = -960*w + 12463. Calculate n(13).
-17
Let d(p) = 4*p**2 - 67*p - 233. Give d(-3).
4
Let r(v) = v**2 + 18*v + 74. Calculate r(-17).
57
Let b(u) = -u**3 + 41*u**2 + 4*u - 153. What is b(41)?
11
Let m(v) = -2*v**2 - 20*v + 186. Calculate m(-19).
-156
Let o(u) = -u**2 - 83*u - 719. Determine o(-73).
11
Let j(l) = -2*l**2 + 24*l + 373. What is j(-10)?
-67
Let z(b) = 23*b**2 - 345*b - 9. What is z(15)?
-9
Let t(u) = 9*u**2 - 3*u - 16. Determine t(2).
14
Let k(x) = 63*x - 1774. Determine k(28).
-10
Let c(j) = -3*j**2 + 8*j + 24. Give c(-2).
-4
Let h(j) = j**2 + 40*j + 294. Determine h(-17).
-97
Let k(t) = t**3 - t**2 + 6*t + 13. Determine k(0).
13
Let b(t) = 7688*t + 30757. Give b(-4).
5
Let v(t) = -89*t - 2209. What is v(-26)?
105
Let t(d) = -1017*d - 12213. What is t(-12)?
-9
Let i(z) = 2*z**3 + 218*z**2 + 3*z + 323. Calculate i(-109).
-4
Let q(o) = -o**3 + 4*o**2 + 24*o - 81. Give q(6).
-9
Let l(t) = -68*t + 2718. Determine l(40).
-2
Let z(c) = c**3 - 35*c**2 - 89*c - 956. Give z(38).
-6
Let i(x) = x**2 - 22*x - 48. Give i(-2).
0
Let p(g) = -6*g**2 - 95*g - 365. What is p(-9)?
4
Let o(u) = -u**3 + 56*u**2 + 293*u - 62. Determine o(-5).
-2
Let v(z) = -z**3 + 7*z**2 + 64*z - 338. Give v(6).
82
Let d(z) = -z**2 - 373*z - 4690. What is d(-13)?
-10
Let p(b) = 1001*b - 12011. Give p(12).
1
Let m(t) = 223*t + 2850. Give m(-13).
-49
Let g(s) = -s**2 + 40*s + 444. Determine g(-9).
3
Let j(x) = 23*x + 401. Calculate j(-21).
-82
Let t(p) = 23*p + 195. Calculate t(-17).
-196
Let j(o) = 14*o + 63. Determine j(-5).
-7
Let s(p) = 2*p**3 + 22*p**2 + 15*p - 46. Determine s(-10).
4
Let b(s) = -s**3 + 100*s**2 - 97*s - 142. What is b(99)?
56
Let u(a) = 682*a - 11603. Give u(17).
-9
Let w(y) = 291*y - 5411. Give w(19).
118
Let w(l) = 16*l**2 - 28*l + 29. What is w(1)?
17
Let u(h) = 92*h + 1456. Calculate u(-14).
168
Let n(o) = -2*o**3 - 2*o**2 - 5*o + 6. Give n(-2).
24
Let l(f) = -f**2 - 54*f + 1736. Give l(-76).
64
Let n(y) = y**3 + 69*y**2 + 67*y - 78. What is n(-68)?
-10
Let i(m) = -10*m**2 - 201*m - 205. Calculate i(-19).
4
Let q(f) = -2*f**2 + 43*f - 358. What is q(14)?
-148
Let t(d) = -d**3 + 49*d**2 - 209*d - 57. What is t(5)?
-2
Let f(n) = -14*n**2 + 155*n. Give f(11).
11
Let z(t) = t**2 - 70*t - 73. Calculate z(68).
-209
Let u(r) = -r**3 - 22*r**2 - 54*r + 42. Give u(-19).
-15
Let i(m) = -m**2 - 30*m - 205. Calculate i(-23).
-44
Let z(o) = o**2 - 142*o + 1784. Give z(128).
-8
Let i(x) = -869*x + 3486. Give i(4).
10
Let a(p) = 2*p**3 + 15*p**2 - 168*p - 524. Give a(-3).
61
Let f(b) = -5*b**2 + 255*b - 254. Give f(1).
-4
Let d(l) = l**3 + 23*l**2 + 42*l - 1. What is d(-21)?
-1
Let p(g) = g**3 - 12*g**2 - 2*g + 26. 